r?
False
Let s(j) = 109327*j**2 + 57*j - 3. Is s(-1) a prime number?
True
Suppose 0 = t - 13 - 2. Let m be (-9)/t*-5 - -118. Suppose 5*r - 174 - m = 0. Is r composite?
False
Suppose -3*l + 1 = 2*k, -2*k = -l - 0 - 5. Is k*-1*2*2910/(-24) a composite number?
True
Suppose -5356 = -5*i - 3*w, 1060 = i - 6*w + w. Suppose i = 6*s - 94. Suppose -s = -3*r - 2*n + 425, 0 = -r - 4*n + 193. Is r a prime number?
False
Suppose -11*g + 667 + 4 = 0. Suppose -g*x + 3415 = -56*x. Is x composite?
False
Suppose 21*c = 326710 - 115429. Is c composite?
False
Suppose 95210 + 1096431 = 11*l. Is l a composite number?
True
Suppose -5*k = 2*b - 505064, -19*b - k = -23*b + 1010150. Is b prime?
False
Let y(m) = 3*m + 13*m + 8 - 13*m. Let b be y(-2). Suppose 4*r - 1989 = -q, -3*q = -b*r + 4*r - 997. Is r a prime number?
False
Let b = -468 + 7531. Suppose r = -14*s + 12*s + b, -3*r + 21179 = -4*s. Is r composite?
True
Let m(l) = l**3 + 11*l**2 - 9*l + 53527. Is m(0) a prime number?
True
Let o be 7/((-14)/(-12))*9/6. Suppose 4*d + o = d. Let a(f) = -11*f**3 - 2*f**2 - 6*f - 2. Is a(d) composite?
True
Suppose 5*a - b + 6*b = 0, 2*a + b = -2. Let i be 1*a - (-191 - -15). Let r = -17 + i. Is r a prime number?
True
Suppose 27*w - 45*w = -10962. Suppose w = j - 4100. Is j composite?
True
Suppose -16*l - 7*l + 6563194 = -l. Is l prime?
True
Is 16/((-448)/(-14))*153798/3 composite?
False
Suppose -5*v + 6*f - 3*f + 30 = 0, 4*f = -3*v - 11. Let t be -4 + v + 1 - (1 + -9). Suppose -5*y + t*y = 237. Is y prime?
True
Suppose p - 32 = 4*d - 36, 0 = 5*p + 20. Suppose -4*c = 3 + 9, -2*x + 2*c + 5080 = d. Is x a composite number?
True
Let m be 2/4*(-5 - -5). Suppose m = 9*u - 4963 - 2660. Let v = u + -158. Is v composite?
True
Suppose -338*p + 341*p - 122925 = i, -2*p = -4*i - 81970. Is p prime?
True
Let u(o) = 291*o + 45. Suppose 0 = 2*d - 4, 0 = 3*b - 0*b - d - 49. Let c(h) = 97*h + 15. Let a(r) = b*c(r) - 6*u(r). Is a(-4) a prime number?
True
Suppose w = 5*w - 956. Let g = w - -116. Let d = -164 + g. Is d a composite number?
False
Let f(v) = v**2 - 6*v + 14. Let p be f(4). Suppose 3*l + 4*q - 39 = 0, 15 = -p*q + q. Suppose -l*o + 12*o = -5595. Is o a composite number?
True
Is (6586170/22 - 188/517)/1 a composite number?
False
Let v be (4 - ((-17212)/(-20) + -1))*10. Let n = v + 17069. Is n prime?
True
Let y(a) = 2*a**3 + 31*a**2 + 42*a - 73. Is y(24) a prime number?
True
Suppose -2588*h + 2571*h = -6045302 - 4400093. Is h a prime number?
False
Suppose -3*n + n = 3*y - 256000, 426696 = 5*y - 4*n. Is (y/32*4)/1 a prime number?
True
Suppose -3*t = -5*m + 103838, 2*m + 5*t - 8988 - 32572 = 0. Suppose -52*w = -62*w + m. Is w a prime number?
False
Let v be 3/(-6)*(-260840)/2. Suppose -15*o + 5*o = -v. Is o a composite number?
False
Suppose 0 = 4*l + c - 51, 0 + 1 = -c. Suppose -l*v + 26*v = 24011. Is v composite?
False
Let f = -350703 - -544994. Is f/17 + (-104)/(-884) a prime number?
False
Let o(a) = 18*a**2 + 136*a + 23. Is o(8) prime?
False
Suppose -2*q + j = -27435 + 9044, 3*q - 27579 = 4*j. Is q composite?
True
Let u = -30 + -1. Let q = 35 + u. Suppose q*x = 824 + 3348. Is x a composite number?
True
Suppose 3*a - 13125 + 84794 = 2*z, -2*z + 71649 = a. Is z prime?
False
Let m = 12508 - 1661. Is m a composite number?
False
Suppose 4*r + a - 18626 = 30815, 5*r + 2*a = 61805. Is r a prime number?
False
Let u = 29448 - -21015. Let b = u - 34334. Is b a prime number?
False
Let j = -212 - -218. Is (j + -7)/(2/(-11498)) a composite number?
False
Suppose -4*m - 5*w + 73 = 0, -w + 1 + 0 = 0. Suppose -m = -2*u - 5. Suppose 3*o = -u - 3, 5*o + 360 = 3*q. Is q a composite number?
True
Let p(y) = 2*y**2 + 10*y - 6. Let w be p(-6). Let t be 1 + 2 - w/1. Is (11/t)/(4/(-228)) a composite number?
True
Let g(t) = 137*t - 146. Let s be g(17). Suppose 3*o + s = 14960. Is o a composite number?
False
Suppose 2*s - 9 = x, -4*s + 4*x + 4 = -4. Suppose s = 8*n - 9. Is n/(-3)*3 - -115 a prime number?
True
Let t(c) = 192*c**2 - 17*c + 169. Let w be t(11). Suppose 25*l = w - 5939. Is l composite?
False
Suppose c = -3*q + 31413, -3*q = 8*c - 11*c - 31437. Is q a composite number?
True
Let y be ((-6)/5)/(5/(-9500)). Let f = y - 3315. Is 10/40 + f/(-4) a prime number?
False
Let t(d) = -325*d**2 + d - 3. Let w be t(5). Let o = w - -12257. Suppose 0 = -0*y - 6*y + o. Is y a prime number?
False
Suppose -2*d = -2*f - 1845 + 103, -4*d + 3484 = 4*f. Suppose -2235 = -876*q + d*q. Is q a composite number?
True
Suppose 4*y - 3*t - 2*t - 46 = 0, 2*y - 18 = 5*t. Is 1*(10337/7 - (-4)/y) composite?
True
Suppose -204*u + 2573551 = -8002013. Is u a prime number?
False
Let r(i) = -18*i**3 + 3*i**2 + i - 3. Let x(y) = 72*y**3 - 13*y**2 - 3*y + 13. Let h(m) = 9*r(m) + 2*x(m). Let d be 4*-1*3/4. Is h(d) a composite number?
True
Let o(j) be the third derivative of -5*j**4 + 13*j**2 + 0 + 0*j + 7/3*j**3. Is o(-5) composite?
True
Let g(z) = 9*z - 99. Let q be g(9). Is (2151/q)/(1/(-2)) prime?
True
Let l = 674445 + -244126. Is l a prime number?
True
Let x(w) = 0 + 12 - 857*w + 3129*w - 1 + 22. Is x(7) prime?
True
Suppose -5*o + 5020 = -o. Let g = -730 + o. Suppose -2*y + y = -1, -4*h = y - g. Is h a composite number?
False
Suppose -40*s - 32*s = -54*s - 6001326. Is s a composite number?
True
Let k = -488 - -735. Let z = k - -1042. Suppose -q = 4*q - h - z, -q = -4*h - 273. Is q composite?
False
Let s be (-1 + 1)*(-3 - (3 + -5)). Suppose -3*c + 11*c - 17096 = s. Suppose 3*f + 700 - c = 0. Is f composite?
False
Let g(h) = -2*h**2 + 14*h + 8. Let j be g(10). Let c = j - -1209. Is c prime?
False
Let s(t) = t**2 + 3*t - 18. Let q be s(-7). Let w = q + -5. Suppose -5*a - 643 = -3*m, 0*a + 3*a = w*m - 1061. Is m prime?
True
Suppose 0 = -m - 38 - 234. Is (-2 - m/(-6))/((-12)/2286) a prime number?
False
Let b(k) = -448*k**3 - 7*k**2 + 8*k - 4. Let p be b(2). Let m = -1705 - p. Is m composite?
True
Let q be 0/((-12)/3*1). Suppose q = -2*v + 35 - 31. Is (-1 + v - -9)*(-123)/(-6) a prime number?
False
Suppose -5*u + o = -7840002, -4*o - 150710 = -u + 1417317. Is u composite?
False
Suppose 5*r - 2*o - 7825 = o, -5*r + 7820 = -2*o. Suppose -2626 = -5*k - 3*t, -3*k + 2*t + 3*t = -r. Let d = 903 - k. Is d composite?
False
Let q(p) = -291*p - 13 - 139*p - 11*p + 79*p. Is q(-7) composite?
False
Let i(p) = 25*p**2 + 6*p - 10*p + 9*p - 14. Let f be i(6). Let w = f - 570. Is w a prime number?
False
Let j be (-10)/(-25) + 86/10. Suppose -2*r + 17 = j. Suppose r*s + 20 = 0, 2*u + 4*s = -s + 621. Is u a composite number?
True
Suppose 26*a + 31*a = -10*a + 9418391. Is a a prime number?
False
Let l(v) = -46*v + 27. Let a(z) = 11*z - 6. Let h be a(1). Suppose -j + 2*j = d + h, 2*j = -5*d - 60. Is l(d) composite?
False
Let z(a) = 197325*a - 1272. Is z(3) a prime number?
False
Let h(y) = 4503*y - 8. Let r be h(-2). Let l = -3117 - r. Is l a composite number?
False
Let s(f) be the second derivative of -f**5/10 + f**4/4 + 5*f**3/6 - 3*f**2/2 - 2*f. Let a be s(3). Is a/10*2 + 61 a composite number?
True
Let t = 11630 + -5206. Suppose -327 - t = -g. Is g a prime number?
False
Suppose 6*q - 2*v + 21 = q, -3*v = -q - 12. Is ((-955)/q)/(27/81) a prime number?
False
Suppose 4679*b - 4629*b = 89199950. Is b prime?
False
Is (-19)/((-209)/44) - -24705 prime?
True
Let i be ((-16)/4)/(2/(-38)). Suppose -359 = 3*u - 4*q - i, 0 = u - 3*q + 91. Let c = 194 + u. Is c prime?
True
Let z = 51750 - -9457. Is z a prime number?
False
Suppose -3*h + 41610 + 205284 = 0. Suppose h = 25*b + 17823. Is b a prime number?
True
Let d = 164 - 164. Let f(j) = -j**3 + 2*j**2 + 9967. Is f(d) composite?
False
Let a(b) = 457 + 82 + 8*b - 61. Let f = -459 + 459. Is a(f) prime?
False
Let u = 665 - 211. Let n = -147 + u. Is n a composite number?
False
Let p = 712 - 710. Suppose -5*o - 9666 = -z - 2402, -7285 = -z - p*o. Is z a prime number?
False
Let x(b) = -16*b - 28. Let f be x(-2). Suppose -5*k = -20, k + f*k + 2261 = h. Is h prime?
True
Let k(b) = -17341*b**3 - 8*b**2 + 85*b + 201. Is k(-2) a prime number?
True
Let d(u) = -742*u + 271. Let l be d(-7). Let c = -3222 + l. Is c prime?
True
Is (-19)/(171/(-98415)) + 16/2 a prime number?
False
Let w(q) = 10*q + 2. Let b be w(5). Let k be ((-72)/(-60))/(33/1375). Suppose k*u = b*u - 86. Is u composite?
False
Let l(a) = 2*a**3 + 4*a**2 + 40*a - 141. Is l(5)